+ y**3 - 10*y**2 + s*y + 0*y**3 - 7. What are the prime factors of b(10)?
3, 29
Suppose -4*h + 65 = 13. Suppose h*a - n = 18*a - 1148, a = -4*n + 241. What are the prime factors of a?
229
Let m(l) be the third derivative of -23*l**4/24 - 3*l**3/2 - 84*l**2. List the prime factors of m(-7).
2, 19
Let t be (-115182)/63 + 14/49. Let d = t - -2576. What are the prime factors of d?
2, 11, 17
What are the prime factors of 3028 + (2 + 1 - 1/(-1)) + -1?
7, 433
Suppose 32042 = -23*v + 93220 + 75327. List the prime factors of v.
5, 1187
Let x = -11 - -39. Suppose 8 = 12*l - x. Suppose -2*b - 2*b + 903 = -l*g, 0 = g + 1. List the prime factors of b.
3, 5
Let o = -74 + 51. Let m = o + 28. What are the prime factors of ((-2)/2)/((15/(-111))/m)?
37
Let w = -72 - -62. Let l(f) = -7*f - 50. Let h be l(w). What are the prime factors of 230*(25/h + 1/(-4))?
2, 5, 23
Let r = 3285 + -485. Suppose -4*k + r = -2*g, k - g = 3*k - 1400. Suppose 5*w - k = -5*w. What are the prime factors of w?
2, 5, 7
Let y(n) = 69*n**2 - 49*n + 318. List the prime factors of y(8).
2, 13, 167
Let h(x) be the third derivative of -x**6/120 - x**5/20 + x**4/24 - 17*x**2. Let r be h(-4). Suppose -912 = r*o - 16*o. What are the prime factors of o?
2, 3, 19
Suppose -3*h - 20316 = -y - 3079, 5*h = -4*y + 69067. List the prime factors of y.
2, 8629
Suppose 6*o + 3347 - 5982 = 170573. List the prime factors of o.
2, 7, 1031
Let p(r) = -2*r**2 - 27*r - 157. Let d be p(-13). Let m = -92 - d. What are the prime factors of m?
2, 13
Let w be -2 + 3/9*21. Suppose 4*f - 4*x = 6328, 0 = -w*x - 22 - 3. List the prime factors of f.
19, 83
Let o be ((-6)/(-18))/(-1*1/(-48)). Suppose -o*v + 11*v + 280 = 0. List the prime factors of v.
2, 7
Let i(z) be the first derivative of -5/3*z**3 + 5/2*z**2 + 13 + 12*z + 1/4*z**4. List the prime factors of i(5).
37
Suppose 19*n = 9*n + 2750. What are the prime factors of (11/(n/(-20)))/(4/(-4090))?
2, 409
Suppose 212956 + 76867 = 12*h + 4427. List the prime factors of h.
17, 1399
List the prime factors of 5 + (-61)/11 - (-8131500)/429.
2, 3, 13
What are the prime factors of 121622*(-33)/(-120) - (-4)/(-80)?
2, 7, 2389
Let t(m) = -m**3 - 19*m**2 + 23*m + 64. Let p be t(-20). Suppose 0 = -p*f + 778 - 2. List the prime factors of f.
2, 97
Let k(t) = -31*t**2 + 5. Let a be k(-2). Let v = -114 - a. What are the prime factors of 1*142 + v/((-40)/(-24))?
5, 29
Suppose 0 = c + 4, -5*m - 5*c = -0*c + 20. Suppose m = 13*i - 22*i + 927. List the prime factors of i.
103
Let s = 80 - 61. Let n(r) = -r**2 + 20*r - 14. Let p be n(s). Suppose -3*a + 8*a = p*k - 935, 5*a = -20. What are the prime factors of k?
3, 61
Let p = 25178 + -12415. List the prime factors of p.
12763
Suppose 4*h - 2*h = -2. Let z be h/3 + (-30)/(-9). Suppose -z*p - 5 = 1, 5*b + 5*p = 230. List the prime factors of b.
2, 3
List the prime factors of ((0 - 8984) + -2 + 18 + -15)/(-1).
13, 691
Suppose 0 = -2*d + 5*r + 75162, -18*d = -13*d + 4*r - 187971. What are the prime factors of d?
37591
Let x = -173 + 168. What are the prime factors of ((-39)/(-4))/(x/(-760))?
2, 3, 13, 19
Suppose 18*y - 5*r - 6828 = 16*y, 0 = -2*r - 8. What are the prime factors of y?
2, 23, 37
Suppose -24*q + 25*q = 4*r - 122508, 5*q + 91898 = 3*r. List the prime factors of r.
2, 15313
Suppose -5*w = k - 97, -12 = -3*w - 2*k + 42. What are the prime factors of 481 + (2 - w/4)?
2, 239
Let l(n) = -9*n**2 + 4*n**2 - 7*n**2 - 11 - 154*n**3 + 152*n**3 - 12*n. List the prime factors of l(-8).
11, 31
Suppose 2*t = 2*i + 3 - 9, 4*t + i = -7. What are the prime factors of (-4*t/(-5))/((-78)/21645)?
2, 3, 37
Let s(u) = 14*u**2 - 2 - 35 - 57 + 18*u. What are the prime factors of s(6)?
2, 7, 37
Suppose 0 = -2*g + 2*m - 8066 + 81266, m = 3*g - 109808. What are the prime factors of g?
2, 9151
Suppose -s = -p + 9567, 5*s - 3180 + 22314 = 2*p. What are the prime factors of p?
3, 1063
Suppose -2*d - 5*v + 4855 = 0, -4*v = -5*d - 3282 + 15370. What are the prime factors of d?
2, 5, 11
Let r = 110 - 116. Let n be 159/(-15) + r*3/(-30). What are the prime factors of (n/3)/(6/(-441))?
5, 7
Suppose -2*r - 758 = -2*k, 2*r - 6*r = 3*k - 1172. Suppose -3*o = -k - 564. What are the prime factors of o?
2, 79
Let t = -93503 + 168122. List the prime factors of t.
3, 8291
Let h be 274/(-18) - 4/(-18). Suppose 2*z - 54 = -4*u + 68, 4*z - 12 = 0. Let y = h + u. List the prime factors of y.
2, 7
Let f(w) = w**2 - 10*w + 5. Let x be f(0). List the prime factors of 23 - ((x - 0) + -3).
3, 7
Let c = 10989 + 1814. List the prime factors of c.
7, 31, 59
Let t be (-65 - 0)*(-66)/165. Let x = -5 + 9. Suppose -218 = -x*a + t. List the prime factors of a.
61
Let v(w) = w**2 + 6*w + 11. Let u be v(-3). Let a(m) = 90*m + 168. List the prime factors of a(u).
2, 3, 29
Suppose 19 = 2*h - 3*a, 7*h - 2*a = 2*h + 20. Let c(w) = 3 + 4*w**h - 10*w + 6*w - 3*w**2. List the prime factors of c(4).
3
List the prime factors of (-11)/(-1*((-8)/(-20) - (-7486)/(-18740))).
2, 11, 937
Suppose 3*m + 4*n + 522 = 0, 3*n - 853 = 5*m + 4*n. Let v = -3868 - -4141. Let w = v + m. List the prime factors of w.
103
Suppose 39*s - 41*s = -412. Suppose -4*z = -3*c + 868 - s, -3*z = -4*c + 885. What are the prime factors of c?
2, 3, 37
Let x be ((-57)/6)/((-2)/12). Suppose 4*u = -5*g + x + 23, 0 = -3*g + 3*u + 21. Suppose -y - 3*i + g = 0, 0*i - 9 = y - 4*i. List the prime factors of y.
3
What are the prime factors of (100/150)/(3*(-8)/(-2154564))?
97, 617
Suppose -3*a = -600 - 2274. What are the prime factors of a + (-42)/(16 - 9)?
2, 7, 17
Suppose -5*v - 6860 = -3*s - 3*v, -5*v = 6*s - 13765. List the prime factors of s.
2, 5, 229
Let l(m) = 3302 + 6*m - m**2 - 29*m**3 + 2*m**2 - 3295. Let o be l(-2). Suppose 2*v = 4*w + 522, -5*w + 1506 = 5*v + o. List the prime factors of v.
257
Let t = 160 + 717. Suppose 5*q - 8*q + 6 = 0. Suppose 5*z + n - t = 0, -z - q*z - 3*n = -531. List the prime factors of z.
5, 7
Let d = -140 - -32. Let v be (-1 - (0 - 0))/(12/d). What are the prime factors of 4/(-9) - (-2092)/v?
2, 29
Let u(c) = c**3 + 2*c**2 - 2*c. Let z be u(2). Let n(p) = -11*p**3 + 8*p**2 + 0*p**2 + z*p**3 + 0*p**2 - 9*p + 8. What are the prime factors of n(-8)?
2, 5
Let t = 10 - 1. Suppose -5*u - t - 6 = 0, 3*u + 133 = 2*x. Suppose 0 = -4*v + 418 + x. List the prime factors of v.
2, 3, 5
Let c(r) = -2*r**2 + 122*r - 320. List the prime factors of c(41).
2, 3, 5, 11
Let z(c) = 209*c**3 + 2*c**2 + 3*c - 2. Let l be z(2). Suppose 273*j = 269*j + l. What are the prime factors of j?
421
Let y be ((-10)/(-15))/((-3)/(-18)). Suppose 1917 = -4*v - 5*b, -4*b = y*v + 84 + 1832. Let o = 677 + v. List the prime factors of o.
199
Let k = -16323 + 23792. List the prime factors of k.
7, 11, 97
Let x(d) = d**3 - 12*d**2 - d + 12. Let z be x(6). List the prime factors of 2/(834/z + 4).
2, 5, 7
Let f(l) = -7*l + 10. Let j be f(1). Suppose 4*w - j*t + 1709 = 6*w, 3442 = 4*w - 2*t. List the prime factors of w.
859
Suppose -11 = -4*m - f, -7*f + 4*f - 9 = -2*m. Suppose 3*h - 365 = -t, -m*h + 4*h = -t + 365. What are the prime factors of t?
5, 73
Let c(g) = -2*g - 21 + 3*g + 6*g - g. Let k be c(4). Suppose 3*m - 1055 = -2*m - 5*y, 0 = -k*y. What are the prime factors of m?
211
Let i(k) = -5*k**3 - 69*k**2 - 292*k - 39. List the prime factors of i(-29).
3, 5, 7, 13, 53
Let o(w) = -w**3 - 25*w**2 - 49*w - 60. Let p be o(-23). List the prime factors of (0 - -137)*(-12)/p*-3.
2, 137
Suppose 5 = 4*n - 0*n + w, w = 5. Let s be (-4 - n)/((-2)/3 - 0). Suppose -s*b + 880 = 4*b. What are the prime factors of b?
2, 11
Let l be 0 + 2 - (2 - 0). Suppose l = -5*s + 155 + 205. Suppose -96 - s = -i. What are the prime factors of i?
2, 3, 7
What are the prime factors of (-48 + 1158)/((-1)/(-3))?
2, 3, 5, 37
Suppose -2*a + 6 = -5*a. Let m(h) be the third derivative of -15*h**4/8 + h**3/6 + 9*h**2. List the prime factors of m(a).
7, 13
List the prime factors of (-35311)/(-4) + 1 + 70/280.
3, 109
Let z = -1 + 4. Suppose -62*i + 7608 - 7360 = 0. What are the prime factors of (z/i)/(2/104)?
3, 13
Let a be ((-2816)/(-36))/8 + 18/81. List the prime factors of 1186/(a/(-5))*(-1 + -1).
2, 593
Suppose -36787 = -3*w - 5*q, w - 2516 - 9753 = -5*q. What are the prime factors of w?
13, 23, 41
Suppose 0 = 27*j - 31*j + 6072. List the prime factors of ((-56)/(